hat is the greatest common divisor of 4256 and 399?
133
Calculate the highest common divisor of 896 and 84.
28
Calculate the highest common factor of 468 and 54.
18
What is the highest common factor of 255 and 65?
5
What is the highest common divisor of 3619 and 11515?
329
What is the highest common factor of 15 and 8?
1
Calculate the highest common factor of 1026 and 76.
38
What is the greatest common factor of 3 and 335?
1
What is the highest common factor of 255 and 135?
15
Calculate the highest common factor of 44 and 132.
44
Calculate the highest common divisor of 7360 and 96.
32
Calculate the highest common divisor of 299 and 39.
13
Calculate the greatest common factor of 966 and 7038.
138
What is the highest common divisor of 154 and 70?
14
Calculate the greatest common divisor of 473 and 187.
11
What is the highest common divisor of 15 and 130?
5
What is the highest common factor of 170 and 102?
34
What is the highest common factor of 2599 and 23?
23
Calculate the highest common divisor of 32 and 14192.
16
What is the highest common divisor of 18 and 333?
9
Calculate the highest common factor of 34 and 238.
34
What is the highest common factor of 360 and 8?
8
What is the highest common factor of 34784 and 32?
32
What is the greatest common factor of 176 and 1040?
16
What is the highest common factor of 568 and 71?
71
Calculate the highest common factor of 3 and 51.
3
Calculate the greatest common factor of 6021 and 27.
27
Calculate the greatest common divisor of 1128 and 456.
24
Calculate the greatest common divisor of 506 and 22.
22
Calculate the greatest common divisor of 5 and 17800.
5
Calculate the greatest common factor of 125 and 10.
5
Calculate the highest common divisor of 477 and 27.
9
Calculate the highest common factor of 48 and 22.
2
Calculate the greatest common factor of 187 and 289.
17
Calculate the highest common divisor of 1421 and 98.
49
Calculate the greatest common factor of 24 and 128.
8
Calculate the greatest common factor of 107 and 3424.
107
What is the highest common factor of 9216 and 18?
18
What is the highest common factor of 27121 and 37?
37
What is the greatest common factor of 35 and 1120?
35
Calculate the greatest common factor of 150 and 825.
75
What is the greatest common divisor of 135 and 81?
27
Calculate the greatest common factor of 216 and 48.
24
Calculate the highest common factor of 36 and 6252.
12
Calculate the highest common divisor of 26 and 2171.
13
Calculate the highest common factor of 12 and 1668.
12
What is the highest common divisor of 374 and 22?
22
What is the greatest common factor of 104 and 29276?
52
What is the greatest common divisor of 15 and 28365?
15
Calculate the greatest common factor of 12 and 64.
4
What is the highest common factor of 16912 and 224?
112
What is the highest common divisor of 81 and 2727?
27
What is the greatest common factor of 3 and 237?
3
What is the greatest common factor of 628 and 6594?
314
Calculate the highest common divisor of 888 and 96.
24
What is the highest common factor of 7181 and 835?
167
Calculate the highest common divisor of 56 and 3416.
56
What is the greatest common factor of 2 and 417?
1
What is the greatest common divisor of 105 and 35?
35
What is the highest common factor of 69 and 69?
69
What is the greatest common factor of 12936 and 84?
84
What is the greatest common factor of 31933 and 11?
11
What is the highest common factor of 399 and 19?
19
Calculate the greatest common divisor of 212 and 6731.
53
What is the greatest common divisor of 22 and 55?
11
What is the highest common factor of 712 and 178?
178
What is the highest common divisor of 663 and 195?
39
Calculate the greatest common divisor of 67 and 134.
67
Calculate the greatest common factor of 4247 and 137.
137
What is the greatest common divisor of 14671 and 119?
17
Calculate the greatest common factor of 30 and 195.
15
What is the highest common divisor of 6 and 29796?
6
Calculate the highest common factor of 2 and 888.
2
Calculate the greatest common divisor of 296 and 185.
37
What is the greatest common divisor of 162 and 12?
6
Calculate the greatest common divisor of 104 and 1300.
52
Calculate the highest common factor of 23 and 713.
23
What is the greatest common divisor of 2684 and 2318?
122
What is the highest common factor of 8 and 824?
8
Calculate the highest common divisor of 292 and 20.
4
What is the greatest common factor of 2162 and 188?
94
What is the highest common factor of 5684 and 7?
7
Calculate the greatest common divisor of 6256 and 1768.
136
Calculate the highest common factor of 7 and 700.
7
What is the greatest common factor of 180 and 3?
3
Calculate the highest common factor of 9628 and 1162.
166
What is the greatest common factor of 68 and 646?
34
Calculate the greatest common divisor of 38 and 133.
19
What is the highest common factor of 38 and 722?
38
Calculate the highest common factor of 105 and 45.
15
What is the highest common divisor of 100 and 110?
10
Calculate the highest common factor of 764 and 4.
4
Calculate the greatest common factor of 374 and 34.
34
Calculate the highest common divisor of 118 and 767.
59
What is the highest common divisor of 45 and 117?
9
What is the greatest common factor of 42 and 462?
42
Calculate the highest common divisor of 13578 and 186.
186
Calculate the highest common divisor of 1368 and 72.
72
Calculate the greatest common divisor of 285 and 171.
57
Calculate the highest common factor of 33 and 66.
33
Calculate the highest common divisor of 17818 and 118.
118
What is the highest common divisor of 19854 and 54?
18
What is the greatest common factor of 407 and 74?
37
Calculate the greatest common divisor of 315 and 189.
63
What is the highest common divisor of 10 and 670?
10
Calculate the greatest common divisor of 13414 and 19.
19
What is the greatest common factor of 795 and 75?
15
Calculate the highest common factor of 287 and 66871.
287
Calculate the highest common divisor of 72 and 468.
36
What is the highest common factor of 28 and 35?
7
What is the greatest common factor of 312 and 1976?
104
Calculate the highest common divisor of 11 and 550.
11
Calculate the greatest common divisor of 9 and 18.
9
What is the greatest common factor of 256 and 3664?
16
Calculate the greatest common divisor of 40 and 860.
20
Calculate the greatest common divisor of 3015 and 180.
45
What is the highest common factor of 66 and 264?
66
Calculate the greatest common divisor of 450 and 72.
18
Calculate the greatest common factor of 1956 and 9454.
326
What is the highest common divisor of 585 and 455?
65
Calculate the highest common divisor of 5904 and 16.
16
What is the greatest common factor of 170 and 272?
34
What is the greatest common factor of 731 and 86?
43
What is the greatest common divisor of 312 and 1599?
39
What is the greatest common factor of 136 and 68?
68
What is the highest common divisor of 832 and 32?
32
Calculate the highest common divisor of 198 and 4554.
198
What is the greatest common factor of 43 and 516?
43
Calculate the highest common factor of 175 and 925.
25
What is the highest common divisor of 42 and 399?
21
What is the greatest common factor of 71 and 781?
71
Calculate the greatest common factor of 3880 and 40.
40
What is the highest common factor of 713 and 992?
31
What is the greatest common factor of 286 and 66?
22
What is the greatest common factor of 28 and 15183?
7
What is the highest common factor of 5415 and 171?
57
What is the highest common divisor of 1022 and 238?
14
Calculate the highest common factor of 119 and 1785.
119
Calculate the highest common divisor of 110 and 10.
10
Calculate the greatest common factor of 72 and 576.
72
Calculate the greatest common divisor of 1612 and 208.
52
What is the greatest common divisor of 12 and 2148?
12
Calculate the greatest common divisor of 98 and 56.
14
Calculate the highest common divisor of 68 and 112.
4
What is the greatest common divisor of 15 and 120?
15
Calculate the highest common divisor of 1173 and 34.
17
Calculate the greatest common factor of 1 and 2213.
1
Calculate the greatest common factor of 459 and 51.
51
Calculate the highest common factor of 140 and 690.
10
Calculate the greatest common factor of 636 and 24.
12
Calcula